1.
-16
What is the value of 6 + (-4 - 50 - -26)?
-22
What is the value of -23 + -3 + (-12 - -26)?
-12
What is 36 + -29 + 10 + -8?
9
Evaluate 8 + 1 + 3 - (8 + (-15 - -11)).
8
What is -19 - (-1 - (2 + 17)) - (1 - -2)?
-2
5 - 2 - (16 + -11 - 10) - 30
-22
Evaluate -6 + -8 + 4 + 13.
3
What is the value of -44 - -42 - (10 + -1 + -7)?
-4
(-6 - 16) + (20 - 15) + -4
-21
What is (-19 - -15 - -22) + -36?
-18
Calculate 0 + -14 - (-2 + -10 - (14 - 26)).
-14
1 + (-2 + -11 - -9) + 2
-1
Calculate (3 + -16 - -3) + -28 + 25 - -2.
-11
Calculate -3 + 9 + -3 + 6 - 35.
-26
Evaluate 6 + 1 + (13 - 10) + 0.
10
What is (-7 - -6) + 5 + (-7 - -17)?
14
Calculate 21 + (-7 - -1) + (5 - 1) + -5.
14
What is the value of -23 - -23 - (16 + -18)?
2
What is 1 + -13 - (8 + 61 - 83)?
2
What is (55 - 51) + 7 + 0 + -3?
8
-19 + (0 - -3) + 34 + 1 + -9
10
Calculate 2 + 15 + -9 + -11 + 7.
4
Calculate 0 + 0 + (-11 - -11) - (1 - 5).
4
Evaluate 3 - ((5 - (3 - -3 - 3)) + -3).
4
Evaluate 17 - -1 - (20 - -4 - 19).
13
Calculate -41 - (-22 + -10) - -45.
36
Evaluate 3 - (-3 + 49 + -3 + 121 + -130).
-31
What is (-4 - -4) + (1 + 0 - (-7 - -6))?
2
Evaluate 6 - ((11 + 2 - 7) + 1).
-1
What is the value of -5 - (10 - (25 - 22))?
-12
-3 + -4 - -9 - (-4 - 1)
7
What is the value of 9 + -40 + 24 + 7 + -1?
-1
Evaluate 0 + (-1 - 0) + (52 - 115) + 76.
12
What is -65 + 23 + 32 - ((6 - 3) + -1)?
-12
What is 16 - ((-11 - 20) + 21)?
26
1451 + -1469 + -2 + (-11 - 0 - -2)
-29
Calculate 1 - (5 + -3 - (-3 + 8 - -4)).
8
Calculate -6 - ((-16 - -9) + (6 - 0) - -5).
-10
Calculate 16 + 8 + -19 + 11 + -7 - -18.
27
Evaluate (-17 - 4) + -12 + 12 + 11.
-10
What is -1 + 3 - (-31 + 20 + 11)?
2
Calculate 14 + 14 + -9 + 17.
36
What is (-25 + 34 - 5) + (1 - 32)?
-27
What is the value of 1 + 16 - (14 + -7 + 0 - 2)?
12
4 + (-11 + 25 - 19 - (-1 - 0))
0
(21 - 6) + -4 + (12 - 23)
0
Calculate (9 - 16 - -20) + (-5 - 0).
8
Calculate -5 - (-6 - ((-8 - -15) + -16)).
-8
-33 + (73 - 27) + (-1 - 14)
-2
What is 15 - (-2 - -27) - (1 + (0 - -1))?
-12
What is the value of 11 + (-28 - (-13 - 19))?
15
-1 - (-24 + 31) - (3 - 15)
4
What is the value of 17 + 2 + 1 + (-1 - (-2 - -8))?
13
What is the value of (9 - (9 - (-1 + 2))) + 1?
2
Evaluate -29 - (-7 + -17) - (-5 - 0).
0
Evaluate 2 + (-12 + 11 - 8) + 23 + 2.
18
What is -28 - -5 - (9 + 3 + (7 - 15))?
-27
(-3 - 0) + (20 - 34) + 29
12
Calculate 11 + -2 + (-7 + (7 - 3) - 40).
-34
What is the value of -22 - ((22 - 4) + -30)?
-10
What is -264 + 274 - (-8 - -1) - -14?
31
What is (1 - 7) + (13 - (5 + 0))?
2
11 - 22 - (1 + -16 + 8)
-4
What is (-16 - 20) + 31 - 21?
-26
-15 + -15 + (14 - -7)
-9
Calculate 11 - (-4 - 6 - -4 - (-9 + 2)).
10
What is 1 + -5 - (-2 + 5 + (13 - 17))?
-3
What is -12 + 9 - (6 - (1 - 9) - -1)?
-18
What is the value of (5 - 11) + -4 + 0 + (-6 - 3)?
-19
Evaluate -36 - (33 + -62 + 12).
-19
What is the value of -129 + 91 - (0 - 0)?
-38
Evaluate 10 + (-10 - -8) + 4 + -3 + -2.
7
Evaluate -15 - (-3 - -1) - -10.
-3
What is the value of 0 + -15 + (-34 - -53)?
4
What is the value of 3 + (0 - -3) - 7 - (-6 + 12)?
-7
Evaluate 26 - ((19 - -22 - 36) + -7 + 0).
28
4 + 7 + -7 + 8 + -10
2
Calculate -2 + -2 + (3 - 2 - (-14 - -11)).
0
What is (-1 - -15) + 18 + -28?
4
Evaluate 23 - 0 - (22 + -8).
9
-8 - (-2 + 0 + (1 - (-6 - -13)))
0
(-2 - -9) + -2 + 12 + -12
5
What is the value of (-10 - -14) + 15 - 9?
10
What is (-8 - -9) + -2 + (0 - 2)?
-3
Calculate -6 - (8 + -30) - 10.
6
-3 + 2 + -35 - (-18 - -11 - -2)
-31
3 - 1 - (392 - 365)
-25
Calculate -5 + -2 + 4 + (24 - 26).
-5
Calculate 2 - (-2 + 15) - -1.
-10
Calculate 15 + 2 + -6 - (-2 - -1).
12
Evaluate (-53 - -45) + 1 + 7.
0
Evaluate (1 - 5) + (11 - (25 - 18)).
0
What is the value of (13 + 6 - (14 - 6)) + 6?
17
What is -1 + 8 + 14 + -8 - -4 - -1?
18
(-8 - (-5 + 3)) + -8 + 16
2
Calculate 4 + 7 + (9 - (34 + -16)).
2
Calculate 0 + -14 + 13 + 0 + -1 + 3.
1
Calculate -2 + -9 + (30 - 14).
5
What is the value of -4 + -21 - -9 - 1?
-17
-1 + 7 + (-68 - -79 - (-1 + 5))
13
(8 - -1) + (-13 + -2 - (82 - 72))
-16
What is the value of 10 + -1 - (27 - (62 + -29))?
15
Evaluate (-5 - 3) + 18 + (-10 - (-3 - 4)).
7
Evaluate 6 - -2 - (-16 + 22 - 0).
2
Calculate (-10 - (15 + -35)) + (2 + 2 - -12).
26
Evaluate 157 - 130 - (0 - -39).
-12
What is (-15 - (-2 - -6 - 10)) + 9 - 1?
-1
Calculate -16 + 24 + -13 - -3.
-2
Calculate 25 - (28 + -44 + 67).
-26
What is (16 - (4 + 9)) + 2 + 11?
16
What is the value of 6 + (12 - (15 - -9) - -12)?
6
Evaluate (-13 - (6 - -16)) + 14.
-21
17 + 1 - (-47 - -67)
-2
Evaluate 16 - 7 - (45 + -27).
-9
Calculate 12 + -48 + (5 - -14).
-17
What is the value of (4 - 11) + (-100 - -128)?
21
What is 9 + -18 + (8 - 3 - 15)?
-19
Evaluate 15 - (-11 + 8 + 5).
13
Evaluate -4 + 22 + (4 - -9) + -25.
6
What is the value of -4 + 12 - (-2 + (-9 - -5 - -5))?
9
What is the value of -4 - ((-8 - -2 - (-1 - 0)) + 3)?
-2
Calculate -6 + (-3 + 3 - -1) - -2 - -18.
15
What is the value of (-2 + 2 - -11) + -7 + -22?
-18
Calculate (-2 - -13) + (19 - 12) + -11.
7
24 + (30 - 23 - 39)
-8
What is the value of (5 - -1) + (-2 + -13 + -16 - 1)?
-26
What is (35 - 35) + 15 + -38?
-23
-5 + -32 + 2 + 6 + (-44 - -48)
-25
Calculate 30 - (32 + -22) - (1 - -10).
9
2 + -14 + 2 - 13 - -14
-9
Calculate (-72 - -66 - (-3 + -1)) + 7.
5
What is the value of -5 + 1 + -14 + -14 + 29?
-3
-14 + (-8 - -27) - (4 - 0)
1
What is (-8 - -10) + -29 + 23?
-4
Calculate (0 - -11) + (24 - 39).
-4
What is (-16 - (-31 + 22)) + 17?
10
What is -8 + -3 + -14 + 12?
-13
Calculate 14 + -4 + 5 - (0 + -9) - 6.
18
Evaluate 11 + -4 - (5 - (11 - 6) - -7).
0
What is the value of -26 + 37 - (14 - -5) - 16?
-24
-3 + 2 - (2 + 1 + 3 + 0)
-7
Calculate 2 - (15 - (4 - -7)).
-2
11 + (5 + -10 - -2)
8
(-6 - (-10 - -1)) + -1 - 2
0
What is the value of 8 - (30 + -28 - (1 + -1)) - 10?
-4
28 + (-26 - -15) - 12
5
Calculate 3 + -15 + -8 + -6 + 7.
-19
Evaluate (8 - -1) + -2 - (6 - 5).
6
Evaluate 4 + (-5 - (-6 + -3) - 7).
1
Calculate -336 + 354 - (3 - -1).
14
2 - (2 - -1 - (11 + (-12 - -9)))
7
What is the value of -16 - (-29 - -14) - 23?
-24
2 + -6 + -8 + 8 + (-9 - -2)
-11
Calculate (13 - 0) + 83 + -82.
14
Evaluate (-143 - -123) + 3 + 11.
-6
Evaluate 0 - (2 + (5 - 0) + -6 + 1).
-2
Evaluate (37 - 33) + 1 + 6.
11
What is -12 - (1 + -18 - -15)?
-10
-59 + 11 - (17 - 39)
-26
Calculate -25 + -60 + 65 - (3 + 0).
-23
(42 - 1) + (14 - 42)
13
Evaluate (2 - -4 - (30 - 6)) + (-9 - -11).
-16
Calculate -5 - ((-2 - -2) + 1) - (-44 - -41).
-3
What is the value of -5 + (5 - 1) + -3 + 22 + -12?
6
Calculate -15 - (1 + 6 - (10 - -5)).
-7
Evaluate 36 + 0 - (-39 - -59).
16
-5 - -31 - 19 - (2 - -3)
2
Evaluate 3 - 22 - (-414 + 386).
9
What is 29 - (-42 + 74) - (9 + 0)?
-12
Calculate -6 + (28 - 13) + -9.
0
Calculate (5 - -4) + 6 + -1 + 9 + -1.
22
What is the value of 9 + -10 + -1 + (-25 - (-12 + -17))?
2
Evaluate (0 - 11 - -1) + (17 - (8 + 10)).
-11
Evaluate (35 + -25 - 15) + 8.
3
What is the value of -18 + 8 + 15 - -7?
12
Calculate (-34 - -28) + (1 + -6 - -11).
0
Evaluate 4 - (-8 + 48 - 25).
-11
-40 + (6 - (3 + -20))
-17
What is the value of 667 + -639 + -1 + -1?
26
-14 + (20 - 28 - -15)
-7
Calculate 48 + (-24 - (4 - 2)).
22
Evaluate 11 - -15 - 12 - (-11 + 4).
21
-13 - (-169 - -169 - (-2 + 2 + -2))
-15
What is 1 - (-1 + -1 + -90 + 88) - 10?
-5
Calculate -1 + (-7 + 1 + -11 + 17 - 6).
-7
Evaluate (-4 - -7) + -6 + -2 + 6 + 7.
8
What is the value of 9 + (-14 - 1) + -23 + (1 - -6)?
-22
Calculate -1 + 1 + (-23 - (5 - 2)).
-26
Calculate -25 - ((-6 - 1) + (370 - 367)).
-21
Evaluate (-1 - -2 - (-89 + 98)) + 5.
-3
What is the value of 22 + 0 - (54 - (-21 + 62))?
9
What is the value of -11 - (-11 - -4) - ((0 - -2) + 14)?
-20
Calculate -37 - (-12 + 15 + -30 + 14).
-24
What is (1 + -2 - -4) + 323 + -332 + 9?
3
What is the value of 2 - ((-5 - (-18 + -6)) + 19)?
-36
-13 + -25 - 5 - -15
-28
Calculate -114 + 106 + 6 + 4.
2
(-2 - (-15 - -2)) + -12 + -17
-18
What is the value of -10 - (-4 + -7 + 6 + 4)?
-9
What is -19 + (9 - 11 - 3)?
-24
Evaluate -7 - (-3 + -1 + -6).
3
Calculate -1 - (7 + -13 - 2 - 11).
18
Evaluate 31 + -42 - ((-1 - 0) + 2 + -4).
-8
Calculate (-4 - -6) + -4 + 8.
6
What is the value of 14 + 1 - (-32 - (1 + -37))?
11
What is (0 - (26 - 16)) + (-2 - -4) + 1?
-7
Evaluate (22 - (6 + 7)) + 1.
10
24 + (-11 - ((-10 - -12) + 2))
9
2 + -21 + 0 + (1 - -7)
-11
Calculate 7 + 0 - (17 - -3